{"id":944,"date":"2026-02-19T10:56:46","date_gmt":"2026-02-19T15:56:46","guid":{"rendered":"https:\/\/epmapasd.gob.ec\/?page_id=944"},"modified":"2026-02-19T10:57:12","modified_gmt":"2026-02-19T15:57:12","slug":"ley-de-transparencia-2026","status":"publish","type":"page","link":"https:\/\/epmapasd.gob.ec\/?page_id=944","title":{"rendered":"Ley de Transparencia 2026"},"content":{"rendered":"\n<h4 style=\"font-weight: 400; color: #2a2a2a; text-align: center;\"><strong>LEY ORG\u00c1NICA DE TRANSPARENCIA Y ACCESO A LA INFORMACI\u00d3N P\u00daBLICA<\/strong><\/h4>\n<h4 style=\"font-weight: 400; color: #2a2a2a; text-align: center;\"><strong>MATRICES 2026<\/strong><\/h4><hr \/>\n<p style=\"color: #525252; text-align: justify;\"><strong>Art. 7.- Difusi\u00f3n de la Informaci\u00f3n P\u00fablica.-<\/strong>\u00a0Por la transparencia en la gesti\u00f3n administrativa que est\u00e1n obligadas a observar todas las instituciones del Estado que conforman el sector p\u00fablico en los t\u00e9rminos de los art\u00edculos 253 y 264 de la Constituci\u00f3n Pol\u00edtica de la Rep\u00fablica y dem\u00e1s entes se\u00f1alados en el art\u00edculo 1 de la presente Ley, difundir\u00e1n a trav\u00e9s de un portal de informaci\u00f3n o p\u00e1gina web, as\u00ed como de los medios necesarios a disposici\u00f3n del p\u00fablico, implementados en la misma instituci\u00f3n, la siguiente informaci\u00f3n m\u00ednima actualizada, que para efectos de esta Ley, se la considera de naturaleza obligatoria:<\/p>\n\n\n\n\n<div id=\"slideshow-943-69d3abda63804\" class=\"wk-slideshow wk-slideshow-list\" data-widgetkit=\"slideshow\" data-options='{\"style\":\"list\",\"autoplay\":0,\"interval\":5000,\"width\":\"auto\",\"height\":\"auto\",\"duration\":500,\"index\":0,\"order\":\"default\",\"navigation\":150,\"animated\":\"scroll\"}'>\n\t<div>\n\t\n\t\t<ul class=\"nav nav-150 clearfix\">\n\t\t\t\t\t\t\t\t\t<li>\n\t\t\t\t<span>Enero<\/span>\n\t\t\t<\/li>\n\t\t\t\t\t<\/ul>\n\t\t\n\t\t<div class=\"slides-container\"><ul class=\"slides\"><li><article class=\"wk-content clearfix\"><table width=\"100%\" style=\"margin-top:20px;\">\r\n<tbody>\r\n<tr>\r\n<td><a href=\"https:\/\/transparencia.dpe.gob.ec\/entidades\/1220\" target=\"_blank\" class=\"uk-button uk-button-primary uk-width-1-1 uk-margin-small-bottom\" style=\"height:60px;padding-top:10px;padding-bottom:10px;\"><b>Transparencia Activa<\/b><\/a><\/td>\r\n<\/tr>\r\n<tr>\r\n<td>&nbsp;&nbsp;<\/td>\r\n<\/tr>\r\n<tr>\r\n<td><a href=\"#\" class=\"uk-button uk-button-primary uk-width-1-1 uk-margin-small-bottom\" style=\"height:60px;padding-top:10px;padding-bottom:10px;\" onclick=\"alert('Ley Organica de Transparencia y Acceso a la Informacion Publica\\n\\nNo hay informacion del mes de Enero 2026 correspondiente a Transparencia Pasiva');\"><b>Transparencia Pasiva<\/b><\/a><\/td>\r\n<\/tr>\r\n<tr>\r\n<td>&nbsp;&nbsp;<\/td>\r\n<\/tr>\r\n<tr>\r\n<td><a href=\"https:\/\/transparencia.dpe.gob.ec\/entidades\/1220\" target=\"_blank\" class=\"uk-button uk-button-primary uk-width-1-1 uk-margin-small-bottom\" style=\"height:60px;padding-top:10px;padding-bottom:10px;\"><b>Transparencia Focalizada<\/b><\/a><\/td>\r\n<\/tr>\r\n<tr>\r\n<td>&nbsp;&nbsp;<\/td>\r\n<\/tr>\r\n<tr>\r\n<td><a href=\"https:\/\/transparencia.dpe.gob.ec\/entidades\/1220\" target=\"_blank\" class=\"uk-button uk-button-primary uk-width-1-1 uk-margin-small-bottom\" style=\"height:60px;padding-top:10px;padding-bottom:10px;\"><b>Transparencia Colaborativa<\/b><\/a><\/td>\r\n<\/tr>\r\n<tr>\r\n<td>&nbsp;&nbsp;<\/td>\r\n<\/tr>\r\n<tr>\r\n<td><a href=\"https:\/\/transparencia.dpe.gob.ec\/entidades\/1220\" target=\"_blank\" class=\"uk-button uk-button-primary uk-width-1-1 uk-margin-small-bottom\" style=\"height:60px;padding-top:10px;padding-bottom:10px;\"><b>Informe Anual<\/b><\/a><\/td>\r\n<\/tr>\r\n<\/tbody>\r\n<\/table>\r\n<\/article><\/li><\/ul><\/div>\n\t\t\n\t<\/div>\n<\/div>\n","protected":false},"excerpt":{"rendered":"<p>LEY ORG\u00c1NICA DE TRANSPARENCIA Y ACCESO A LA INFORMACI\u00d3N P\u00daBLICA MATRICES 2026 Art. 7.- Difusi\u00f3n de la Informaci\u00f3n P\u00fablica.-\u00a0Por la transparencia en la gesti\u00f3n administrativa que est\u00e1n obligadas a observar todas las instituciones del Estado que conforman el sector p\u00fablico en los t\u00e9rminos de los art\u00edculos 253 y 264 de la Constituci\u00f3n Pol\u00edtica de la [&hellip;]<\/p>\n","protected":false},"author":1,"featured_media":0,"parent":0,"menu_order":0,"comment_status":"closed","ping_status":"closed","template":"","meta":{"footnotes":""},"class_list":["post-944","page","type-page","status-publish","hentry"],"rttpg_featured_image_url":null,"rttpg_author":{"display_name":"epmapasd","author_link":"https:\/\/epmapasd.gob.ec\/?author=1"},"rttpg_comment":0,"rttpg_category":null,"rttpg_excerpt":"LEY ORG\u00c1NICA DE TRANSPARENCIA Y ACCESO A LA INFORMACI\u00d3N P\u00daBLICA MATRICES 2026 Art. 7.- Difusi\u00f3n de la Informaci\u00f3n P\u00fablica.-\u00a0Por la transparencia en la gesti\u00f3n administrativa que est\u00e1n obligadas a observar todas las instituciones del Estado que conforman el sector p\u00fablico en los t\u00e9rminos de los art\u00edculos 253 y 264 de la Constituci\u00f3n Pol\u00edtica de la&hellip;","_links":{"self":[{"href":"https:\/\/epmapasd.gob.ec\/index.php?rest_route=\/wp\/v2\/pages\/944"}],"collection":[{"href":"https:\/\/epmapasd.gob.ec\/index.php?rest_route=\/wp\/v2\/pages"}],"about":[{"href":"https:\/\/epmapasd.gob.ec\/index.php?rest_route=\/wp\/v2\/types\/page"}],"author":[{"embeddable":true,"href":"https:\/\/epmapasd.gob.ec\/index.php?rest_route=\/wp\/v2\/users\/1"}],"replies":[{"embeddable":true,"href":"https:\/\/epmapasd.gob.ec\/index.php?rest_route=%2Fwp%2Fv2%2Fcomments&post=944"}],"version-history":[{"count":2,"href":"https:\/\/epmapasd.gob.ec\/index.php?rest_route=\/wp\/v2\/pages\/944\/revisions"}],"predecessor-version":[{"id":946,"href":"https:\/\/epmapasd.gob.ec\/index.php?rest_route=\/wp\/v2\/pages\/944\/revisions\/946"}],"wp:attachment":[{"href":"https:\/\/epmapasd.gob.ec\/index.php?rest_route=%2Fwp%2Fv2%2Fmedia&parent=944"}],"curies":[{"name":"wp","href":"https:\/\/api.w.org\/{rel}","templated":true}]}}